{"id":1146,"date":"2025-07-16T12:21:48","date_gmt":"2025-07-16T12:21:48","guid":{"rendered":"https:\/\/aag.com.hr\/web\/?page_id=1146"},"modified":"2025-07-16T13:48:00","modified_gmt":"2025-07-16T13:48:00","slug":"our-work-french","status":"publish","type":"page","link":"https:\/\/aag.com.hr\/web\/fr\/our-work-french\/","title":{"rendered":"Our work &#8211; French"},"content":{"rendered":"\t\t<div data-elementor-type=\"wp-page\" data-elementor-id=\"1146\" class=\"elementor elementor-1146\">\n\t\t\t\t<div class=\"elementor-element elementor-element-819830e e-flex e-con-boxed e-con e-parent\" data-id=\"819830e\" data-element_type=\"container\">\n\t\t\t\t\t<div class=\"e-con-inner\">\n\t\t\t\t<div class=\"elementor-element elementor-element-2b4c3d1 elementor-widget elementor-widget-eael-image-accordion\" data-id=\"2b4c3d1\" data-element_type=\"widget\" data-widget_type=\"eael-image-accordion.default\">\n\t\t\t\t<div class=\"elementor-widget-container\">\n\t\t\t\t\t    <div class=\"eael-img-accordion accordion-direction-horizontal eael-img-accordion-horizontal-align-center eael-img-accordion-vertical-align-center\" id=\"eael-img-accordion-2b4c3d1\" data-img-accordion-id=\"2b4c3d1\" data-img-accordion-type=\"on-hover\">\n                    \n            <div class=\"eael-image-accordion-hover eael-image-accordion-item\" style=\"background-image: url(https:\/\/aag.com.hr\/web\/wp-content\/uploads\/2025\/07\/WhatsApp-Image-2025-05-20-at-22.15.50.jpeg);\"  tabindex=\"0\">\n                <div class=\"overlay\">\n                    <div class=\"overlay-inner \">\n                        <h2 class=\"img-accordion-title\">Nos produits<\/h2>                            <p><p>La pr\u00e9cision est la cl\u00e9 !<\/p><\/p>\n                                            <\/div>\n                <\/div>\n            <\/div>\n                    \n            <div class=\"eael-image-accordion-hover eael-image-accordion-item\" style=\"background-image: url(https:\/\/aag.com.hr\/web\/wp-content\/uploads\/2025\/07\/WhatsApp-Image-2025-05-20-at-22.08.53.jpeg);\"  tabindex=\"0\">\n                <div class=\"overlay\">\n                    <div class=\"overlay-inner \">\n                        <h2 class=\"img-accordion-title\">Pi\u00e8ce prototype de haute pr\u00e9cision<\/h2>                            <p><p>Exactement ce dont vous avez besoin<\/p><\/p>\n                                            <\/div>\n                <\/div>\n            <\/div>\n                    \n            <div class=\"eael-image-accordion-hover eael-image-accordion-item overlay-active\" style=\"background-image: url(https:\/\/aag.com.hr\/web\/wp-content\/uploads\/2025\/07\/WhatsApp-Image-2025-05-20-at-22.08.54.jpeg); flex: 3 1 0%;\"  tabindex=\"0\">\n                <div class=\"overlay\">\n                    <div class=\"overlay-inner  overlay-inner-show\">\n                        <h2 class=\"img-accordion-title\">Meilleures machines<\/h2>                            <p><p>Durable et solide<\/p><\/p>\n                                            <\/div>\n                <\/div>\n            <\/div>\n                    \n            <div class=\"eael-image-accordion-hover eael-image-accordion-item\" style=\"background-image: url(https:\/\/aag.com.hr\/web\/wp-content\/uploads\/2025\/06\/20240913_201224-min.jpg);\"  tabindex=\"0\">\n                <div class=\"overlay\">\n                    <div class=\"overlay-inner \">\n                        <h2 class=\"img-accordion-title\">Volumes \u00e9lev\u00e9s<\/h2>                            <p><p>Contactez-nous avec votre demande<\/p><\/p>\n                                            <\/div>\n                <\/div>\n            <\/div>\n                    \n            <div class=\"eael-image-accordion-hover eael-image-accordion-item\" style=\"background-image: url(https:\/\/aag.com.hr\/web\/wp-content\/uploads\/2025\/07\/WhatsApp-Image-2025-05-20-at-22.24.33.jpeg);\"  tabindex=\"0\">\n                <div class=\"overlay\">\n                    <div class=\"overlay-inner \">\n                        <h2 class=\"img-accordion-title\">Grands lots<\/h2>                            <p><p>Coh\u00e9rence<\/p><\/p>\n                                            <\/div>\n                <\/div>\n            <\/div>\n                <\/div>\n        <style typr=\"text\/css\">\n                    #eael-img-accordion-2b4c3d1 .eael-image-accordion-hover:hover {\n                        flex: 3 1 0% !important;\n                    }\n                    #eael-img-accordion-2b4c3d1 .eael-image-accordion-hover:hover:hover .overlay-inner * {\n                        opacity: 1;\n                        visibility: visible;\n                        transform: none;\n                        transition: all .3s .3s;\n                    }\n                <\/style>\t\t\t\t<\/div>\n\t\t\t\t<\/div>\n\t\t\t\t<div class=\"elementor-element elementor-element-c673654 elementor-widget elementor-widget-eael-image-accordion\" data-id=\"c673654\" data-element_type=\"widget\" data-widget_type=\"eael-image-accordion.default\">\n\t\t\t\t<div class=\"elementor-widget-container\">\n\t\t\t\t\t    <div class=\"eael-img-accordion accordion-direction-horizontal eael-img-accordion-horizontal-align-center eael-img-accordion-vertical-align-center\" id=\"eael-img-accordion-c673654\" data-img-accordion-id=\"c673654\" data-img-accordion-type=\"on-hover\">\n                    \n            <div class=\"eael-image-accordion-hover eael-image-accordion-item\" style=\"background-image: url(https:\/\/aag.com.hr\/web\/wp-content\/uploads\/2025\/07\/WhatsApp-Image-2025-05-20-at-22.13.08.jpeg);\"  tabindex=\"0\">\n                <div class=\"overlay\">\n                    <div class=\"overlay-inner \">\n                                            <\/div>\n                <\/div>\n            <\/div>\n                    \n            <div class=\"eael-image-accordion-hover eael-image-accordion-item\" style=\"background-image: url(https:\/\/aag.com.hr\/web\/wp-content\/uploads\/2025\/06\/20241016_160109-min.jpg);\"  tabindex=\"0\">\n                <div class=\"overlay\">\n                    <div class=\"overlay-inner \">\n                                            <\/div>\n                <\/div>\n            <\/div>\n                    \n            <div class=\"eael-image-accordion-hover eael-image-accordion-item overlay-active\" style=\"background-image: url(https:\/\/aag.com.hr\/web\/wp-content\/uploads\/2025\/07\/WhatsApp-Image-2025-05-20-at-22.21.49.jpeg); flex: 3 1 0%;\"  tabindex=\"0\">\n                <div class=\"overlay\">\n                    <div class=\"overlay-inner  overlay-inner-show\">\n                                            <\/div>\n                <\/div>\n            <\/div>\n                    \n            <div class=\"eael-image-accordion-hover eael-image-accordion-item\" style=\"background-image: url(https:\/\/aag.com.hr\/web\/wp-content\/uploads\/2025\/07\/WhatsApp-Image-2025-05-20-at-22.20.36.jpeg);\"  tabindex=\"0\">\n                <div class=\"overlay\">\n                    <div class=\"overlay-inner \">\n                                            <\/div>\n                <\/div>\n            <\/div>\n                <\/div>\n        <style typr=\"text\/css\">\n                    #eael-img-accordion-c673654 .eael-image-accordion-hover:hover {\n                        flex: 3 1 0% !important;\n                    }\n                    #eael-img-accordion-c673654 .eael-image-accordion-hover:hover:hover .overlay-inner * {\n                        opacity: 1;\n                        visibility: visible;\n                        transform: none;\n                        transition: all .3s .3s;\n                    }\n                <\/style>\t\t\t\t<\/div>\n\t\t\t\t<\/div>\n\t\t\t\t\t<\/div>\n\t\t\t\t<\/div>\n\t\t\t\t<\/div>\n\t\t\n    <div class=\"xs_social_share_widget xs_share_url after_content \t\tmain_content  wslu-style-1 wslu-share-box-shaped wslu-fill-colored wslu-none wslu-share-horizontal wslu-theme-font-no wslu-main_content\">\n\n\t\t\n        <ul>\n\t\t\t        <\/ul>\n    <\/div> \n","protected":false},"excerpt":{"rendered":"<p>Nos produits La pr\u00e9cision est la cl\u00e9 ! Pi\u00e8ce prototype de haute pr\u00e9cision Exactement ce dont vous avez besoin Meilleures machines Durable et solide Volumes \u00e9lev\u00e9s Contactez-nous avec votre demande Grands lots Coh\u00e9rence<\/p>\n","protected":false},"author":1,"featured_media":0,"parent":0,"menu_order":0,"comment_status":"closed","ping_status":"closed","template":"","meta":{"postBodyCss":"","postBodyMargin":[],"postBodyPadding":[],"postBodyBackground":{"backgroundType":"classic","gradient":""},"_kadence_starter_templates_imported_post":false,"footnotes":""},"class_list":["post-1146","page","type-page","status-publish","hentry"],"_links":{"self":[{"href":"https:\/\/aag.com.hr\/web\/wp-json\/wp\/v2\/pages\/1146","targetHints":{"allow":["GET"]}}],"collection":[{"href":"https:\/\/aag.com.hr\/web\/wp-json\/wp\/v2\/pages"}],"about":[{"href":"https:\/\/aag.com.hr\/web\/wp-json\/wp\/v2\/types\/page"}],"author":[{"embeddable":true,"href":"https:\/\/aag.com.hr\/web\/wp-json\/wp\/v2\/users\/1"}],"replies":[{"embeddable":true,"href":"https:\/\/aag.com.hr\/web\/wp-json\/wp\/v2\/comments?post=1146"}],"version-history":[{"count":4,"href":"https:\/\/aag.com.hr\/web\/wp-json\/wp\/v2\/pages\/1146\/revisions"}],"predecessor-version":[{"id":1215,"href":"https:\/\/aag.com.hr\/web\/wp-json\/wp\/v2\/pages\/1146\/revisions\/1215"}],"wp:attachment":[{"href":"https:\/\/aag.com.hr\/web\/wp-json\/wp\/v2\/media?parent=1146"}],"curies":[{"name":"wp","href":"https:\/\/api.w.org\/{rel}","templated":true}]}}